ulate the remainder when 21251 is divided by 28.
27
What is the remainder when 886027 is divided by 1172?
1167
Calculate the remainder when 4568 is divided by 4434.
134
Calculate the remainder when 894 is divided by 145.
24
What is the remainder when 183775 is divided by 45?
40
What is the remainder when 335912 is divided by 62?
58
What is the remainder when 314213 is divided by 11?
9
Calculate the remainder when 16490 is divided by 16478.
12
What is the remainder when 47838 is divided by 2?
0
Calculate the remainder when 283177 is divided by 39.
37
Calculate the remainder when 2726 is divided by 94.
0
Calculate the remainder when 260568 is divided by 503.
14
Calculate the remainder when 207765 is divided by 69254.
3
Calculate the remainder when 941541 is divided by 324.
321
Calculate the remainder when 2737 is divided by 199.
150
What is the remainder when 3451 is divided by 486?
49
Calculate the remainder when 62912 is divided by 26.
18
What is the remainder when 11228 is divided by 216?
212
What is the remainder when 1110953 is divided by 8353?
4
Calculate the remainder when 175103 is divided by 171.
170
Calculate the remainder when 18797 is divided by 3758.
7
Calculate the remainder when 117035 is divided by 304.
299
What is the remainder when 13053 is divided by 2173?
15
What is the remainder when 23786 is divided by 63?
35
What is the remainder when 2281 is divided by 646?
343
Calculate the remainder when 2946 is divided by 496.
466
Calculate the remainder when 1704 is divided by 1689.
15
What is the remainder when 32589 is divided by 5374?
345
Calculate the remainder when 136009 is divided by 98.
83
What is the remainder when 18532 is divided by 2059?
1
What is the remainder when 928815 is divided by 232197?
27
Calculate the remainder when 4814 is divided by 606.
572
Calculate the remainder when 191348 is divided by 47833.
16
What is the remainder when 3743 is divided by 425?
343
What is the remainder when 364870 is divided by 184?
182
What is the remainder when 29723 is divided by 29?
27
What is the remainder when 459999 is divided by 625?
624
Calculate the remainder when 16467 is divided by 58.
53
What is the remainder when 3975 is divided by 85?
65
What is the remainder when 20356 is divided by 174?
172
Calculate the remainder when 538 is divided by 289.
249
What is the remainder when 2932033 is divided by 60?
13
Calculate the remainder when 16204 is divided by 4044.
28
What is the remainder when 504875 is divided by 988?
7
What is the remainder when 127565 is divided by 34?
31
Calculate the remainder when 14795 is divided by 853.
294
What is the remainder when 2977 is divided by 498?
487
Calculate the remainder when 20090 is divided by 127.
24
What is the remainder when 84323 is divided by 15?
8
What is the remainder when 55331 is divided by 212?
211
Calculate the remainder when 8935 is divided by 342.
43
Calculate the remainder when 767636 is divided by 20.
16
Calculate the remainder when 3997 is divided by 212.
181
Calculate the remainder when 1709 is divided by 64.
45
Calculate the remainder when 16185 is divided by 76.
73
What is the remainder when 276015 is divided by 10?
5
What is the remainder when 107924 is divided by 346?
318
What is the remainder when 106529 is divided by 1973?
1960
What is the remainder when 195801 is divided by 17?
12
What is the remainder when 644 is divided by 145?
64
Calculate the remainder when 3237 is divided by 1076.
9
What is the remainder when 25103 is divided by 4?
3
Calculate the remainder when 13817 is divided by 627.
23
Calculate the remainder when 198757 is divided by 6623.
67
Calculate the remainder when 335664 is divided by 174.
18
Calculate the remainder when 1081900 is divided by 108189.
10
What is the remainder when 15477 is divided by 55?
22
What is the remainder when 33176 is divided by 1067?
99
Calculate the remainder when 162 is divided by 58.
46
Calculate the remainder when 41951 is divided by 197.
187
What is the remainder when 494 is divided by 21?
11
What is the remainder when 309244 is divided by 36?
4
What is the remainder when 228 is divided by 96?
36
Calculate the remainder when 4864 is divided by 163.
137
What is the remainder when 4518 is divided by 351?
306
Calculate the remainder when 1785 is divided by 113.
90
Calculate the remainder when 63405 is divided by 731.
539
Calculate the remainder when 645 is divided by 298.
49
Calculate the remainder when 1036193 is divided by 28.
25
Calculate the remainder when 12323 is divided by 55.
3
What is the remainder when 13801 is divided by 303?
166
What is the remainder when 19491 is divided by 23?
10
What is the remainder when 130749 is divided by 611?
606
Calculate the remainder when 22501 is divided by 97.
94
What is the remainder when 10157 is divided by 4?
1
What is the remainder when 22561 is divided by 7519?
4
Calculate the remainder when 66031 is divided by 106.
99
What is the remainder when 14958 is divided by 85?
83
What is the remainder when 645683 is divided by 608?
595
What is the remainder when 6938 is divided by 496?
490
What is the remainder when 3115532 is divided by 42?
14
Calculate the remainder when 1231 is divided by 672.
559
Calculate the remainder when 1144 is divided by 552.
40
Calculate the remainder when 67512 is divided by 25.
12
What is the remainder when 817 is divided by 584?
233
What is the remainder when 3286 is divided by 131?
11
What is the remainder when 60938 is divided by 1693?
1683
What is the remainder when 1816 is divided by 214?
104
What is the remainder when 200613 is divided by 1127?
7
Calculate the remainder when 273417 is divided by 91130.
27
Calculate the remainder when 351251 is divided by 18.
17
What is the remainder when 12467 is divided by 1872?
1235
Calculate the remainder when 8818 is divided by 202.
132
Calculate the remainder when 49886 is divided by 73.
27
What is the remainder when 9196 is divided by 98?
82
What is the remainder when 1077 is divided by 478?
121
Calculate the remainder when 260318 is divided by 43377.
56
Calculate the remainder when 7510 is divided by 578.
574
Calculate the remainder when 738263 is divided by 155.
153
Calculate the remainder when 4513 is divided by 1485.
58
Calculate the remainder when 3911 is divided by 348.
83
What is the remainder when 1770 is divided by 112?
90
What is the remainder when 2819 is divided by 202?
193
What is the remainder when 369736 is divided by 19?
15
What is the remainder when 3290 is divided by 780?
170
Calculate the remainder when 30374 is divided by 15048.
278
What is the remainder when 1131075 is divided by 78?
75
Calculate the remainder when 933310 is divided by 311.
310
Calculate the remainder when 2071504 is divided by 265.
264
Calculate the remainder when 414152 is divided by 81.
80
Calculate the remainder when 21237 is divided by 639.
150
What is the remainder when 33906 is divided by 1130?
6
Calculate the remainder when 3495 is divided by 1082.
249
Calculate the remainder when 72674 is divided by 418.
360
Calculate the remainder when 1132 is divided by 180.
52
What is the remainder when 5252 is divided by 674?
534
Calculate the remainder when 15815 is divided by 216.
47
Calculate the remainder when 7844 is divided by 318.
212
Calculate the remainder when 77855 is divided by 25951.
2
Calculate the remainder when 6872 is divided by 315.
257
Calculate the remainder when 813 is divided by 152.
53
What is the remainder when 394599 is divided by 20?
19
What is the remainder when 21190 is divided by 21188?
2
Calculate the remainder when 476952 is divided by 138.
24
What is the remainder when 4044 is divided by 183?
18
Calculate the remainder when 6595 is divided by 6590.
5
What is the remainder when 320815 is divided by 15?
10
Calculate the remainder when 41678 is divided by 62.
14
What is the remainder when 256 is divided by 36?
4
What is the remainder when 344 is divided by 15?
14
What is the remainder when 157189 is divided by 178?
15
Calculate the remainder when 140732 is divided by 140690.
42
What is the remainder when 91419 is divided by 27?
24
What is the remainder when 1707 is divided by 245?
237
Calculate the remainder when 3537 is divided by 63.
9
What is the remainder when 305241 is divided by 244?
241
